ens digit of 188946312?
1
What is the hundreds digit of 340997747?
7
What is the hundred thousands digit of 37393244?
3
What is the millions digit of 34006460?
4
What is the thousands digit of 152020805?
0
What is the ten thousands digit of 612166067?
6
What is the tens digit of 1919456292?
9
What is the tens digit of 39093184?
8
What is the tens digit of 875035430?
3
What is the hundred thousands digit of 75043481?
0
What is the units digit of 494686325?
5
What is the hundreds digit of 40770961?
9
What is the units digit of 28183920?
0
What is the millions digit of 75531059?
5
What is the ten millions digit of 960210195?
6
What is the thousands digit of 1570830582?
0
What is the hundreds digit of 4680293615?
6
What is the tens digit of 73804692?
9
What is the units digit of 405496573?
3
What is the ten thousands digit of 145901050?
0
What is the units digit of 69392002?
2
What is the hundred thousands digit of 12789578?
7
What is the millions digit of 10617286?
0
What is the hundred thousands digit of 175933182?
9
What is the hundred thousands digit of 19213572?
2
What is the ten thousands digit of 2042828428?
2
What is the thousands digit of 74887829?
7
What is the hundred thousands digit of 36506778?
5
What is the ten thousands digit of 372527328?
2
What is the ten thousands digit of 100932088?
3
What is the hundred millions digit of 1175821458?
1
What is the units digit of 601698400?
0
What is the hundred millions digit of 352000744?
3
What is the units digit of 163951689?
9
What is the units digit of 32674893?
3
What is the ten millions digit of 650161226?
5
What is the ten millions digit of 5400553096?
0
What is the hundred millions digit of 1360390290?
3
What is the ten millions digit of 106073361?
0
What is the hundred millions digit of 503401282?
5
What is the thousands digit of 53826073?
6
What is the hundred millions digit of 6823288620?
8
What is the millions digit of 110962691?
0
What is the thousands digit of 2023464?
3
What is the ten millions digit of 221675737?
2
What is the ten thousands digit of 4732516649?
1
What is the hundreds digit of 54139430?
4
What is the tens digit of 71807777?
7
What is the thousands digit of 12401294?
1
What is the millions digit of 224914737?
4
What is the hundred thousands digit of 4182722870?
7
What is the tens digit of 2009414354?
5
What is the hundred millions digit of 6958741250?
9
What is the tens digit of 993761313?
1
What is the thousands digit of 167744886?
4
What is the ten thousands digit of 216764237?
6
What is the ten thousands digit of 51570441?
7
What is the hundred thousands digit of 58100602?
1
What is the tens digit of 570015412?
1
What is the ten thousands digit of 481673650?
7
What is the units digit of 38379877?
7
What is the ten thousands digit of 622847822?
4
What is the hundred thousands digit of 946339157?
3
What is the thousands digit of 56044837?
4
What is the tens digit of 1982206850?
5
What is the hundreds digit of 24556627?
6
What is the thousands digit of 518232987?
2
What is the billions digit of 5691489392?
5
What is the thousands digit of 348201447?
1
What is the ten millions digit of 864705896?
6
What is the units digit of 18465915?
5
What is the ten millions digit of 52090021?
5
What is the hundred thousands digit of 74865009?
8
What is the millions digit of 6024477813?
4
What is the billions digit of 2139047513?
2
What is the millions digit of 1630563550?
0
What is the hundreds digit of 21849607?
6
What is the ten millions digit of 129546251?
2
What is the ten millions digit of 2510010056?
1
What is the ten thousands digit of 49055663?
5
What is the ten thousands digit of 422106009?
0
What is the hundred millions digit of 256278753?
2
What is the hundreds digit of 275779037?
0
What is the tens digit of 63590206?
0
What is the thousands digit of 11937122?
7
What is the tens digit of 3409052763?
6
What is the hundred thousands digit of 20919746?
9
What is the ten millions digit of 10719477?
1
What is the tens digit of 3061872131?
3
What is the hundreds digit of 215964156?
1
What is the billions digit of 1918466627?
1
What is the hundred thousands digit of 212817943?
8
What is the hundred thousands digit of 31195829?
1
What is the millions digit of 105677061?
5
What is the ten millions digit of 281054225?
8
What is the ten millions digit of 20736305?
2
What is the ten millions digit of 396585532?
9
What is the millions digit of 12124233?
2
What is the tens digit of 2227773252?
5
What is the millions digit of 709824369?
9
What is the hundreds digit of 35422405?
4
What is the hundreds digit of 115602813?
8
What is the tens digit of 48987304?
0
What is the ten thousands digit of 53710039?
1
What is the tens digit of 5487602?
0
What is the hundred thousands digit of 36308633?
3
What is the millions digit of 275401557?
5
What is the thousands digit of 1728523260?
3
What is the thousands digit of 24316442?
6
What is the ten millions digit of 670649694?
7
What is the ten thousands digit of 84157163?
5
What is the thousands digit of 123689128?
9
What is the tens digit of 66339095?
9
What is the ten millions digit of 49806342?
4
What is the hundred thousands digit of 839297559?
2
What is the hundred millions digit of 314843360?
3
What is the ten thousands digit of 966129411?
2
What is the hundred millions digit of 588135873?
5
What is the units digit of 1569029569?
9
What is the thousands digit of 260059739?
9
What is the hundred millions digit of 213033021?
2
What is the hundred thousands digit of 4213836884?
8
What is the ten millions digit of 56322467?
5
What is the thousands digit of 227982608?
2
What is the tens digit of 35402934?
3
What is the millions digit of 94187197?
4
What is the ten millions digit of 120496015?
2
What is the tens digit of 2220760655?
5
What is the thousands digit of 21035055?
5
What is the hundred thousands digit of 2606977428?
9
What is the millions digit of 66692980?
6
What is the tens digit of 27288350?
5
What is the ten thousands digit of 27171410?
7
What is the ten millions digit of 8354886036?
5
What is the ten thousands digit of 233596206?
9
What is the thousands digit of 707707774?
7
What is the millions digit of 65553209?
5
What is the millions digit of 41118326?
1
What is the hundreds digit of 215746565?
5
What is the units digit of 232845712?
2
What is the hundred thousands digit of 65365498?
3
What is the millions digit of 273935187?
3
What is the ten millions digit of 2099540644?
9
What is the hundred thousands digit of 4077234673?
2
What is the hundreds digit of 51586099?
0
What is the hundred thousands digit of 73776848?
7
What is the units digit of 157127389?
9
What is the hundreds digit of 2929833354?
3
What is the billions digit of 2786377830?
2
What is the units digit of 17336760?
0
What is the thousands digit of 534433691?
3
What is the tens digit of 1253152736?
3
What is the hundred thousands digit of 412548414?
5
What is the ten thousands digit of 481825940?
2
What is the tens digit of 83996230?
3
What is the thousands digit of 375918136?
8
What is the ten millions digit of 1145918323?
4
What is the units digit of 1115804710?
0
What is the tens digit of 391141785?
8
What is the billions digit of 1228938394?
1
What is the millions digit of 1225267943?
5
What is the hundred millions digit of 7325581619?
3
What is the units digit of 398531574?
4
What is the ten thousands digit of 5432949647?
4
What is the hundred millions digit of 278168032?
2
What is the millions digit of 1131621599?
1
What is the thousands digit of 8385988?
5
What is the ten thousands digit of 507422679?
2
What is the ten thousands digit of 1071005423?
0
What is the thousands digit of 9706882?
6
What is the units digit of 168942740?
0
What is the ten thousands digit of 250580962?
8
What is the hundred thousands digit of 5648298?
6
What is the millions digit of 6234163836?
4
What is the hundreds digit of 295423040?
0
What is the hundred thousands digit of 123820177?
8
What is the hundred thousands digit of 302328508?
3
What is the ten millions digit of 25707221?
2
What is the units digit of 18270671?
1
What is the tens digit of 9896161?
6
What is the hundreds digit of 653430514?
5
What is the ten thousands digit of 20217546?
1
What is the hundreds digit